{"id":11,"date":"2015-04-17T23:01:19","date_gmt":"2015-04-17T21:01:19","guid":{"rendered":"http:\/\/www.trio-tango-palatino.de\/?page_id=11"},"modified":"2015-04-17T23:06:37","modified_gmt":"2015-04-17T21:06:37","slug":"start","status":"publish","type":"page","link":"https:\/\/www.trio-tango-palatino.de\/","title":{"rendered":"Willkommen"},"content":{"rendered":"<p>Das Repertoire des seit 15 Jahren bestehenden Ensembles umfasst s\u00fcdamerikanische und europ\u00e4ische Tangos, dar\u00fcber hinaus aber auch traditionelle Wiener Kaffeehausmusik und virtuose Unterhaltungsst\u00fccke sowie Schlager aus den zwanziger bis f\u00fcnfziger Jahren. Die Besetzung mit Geige, Akkordeon und Kontrabass garantiert eine authentische Kaffeehaus-Atmosph\u00e4re. Auf elektronische Verst\u00e4rkung wird konsequent verzichtet.<\/p>\n<p>Der Geiger Klaus Leppla ist Mitglied der <span class=\"class2\"> <a href=\"http:\/\/www.drp-orchester.de\"> Deutschen Radio Philharmonie Saarbr\u00fccken-Kaiserslautern<\/a><\/span>.<br \/>\nKontrabassist Georg Bingert spielt im <span class=\"class2\"> <a href=\"http:\/\/www.musikverein-kusel.de\"> Westpf\u00e4lzischen Symphonieorchester<\/a><\/span>.<br \/>\nAkkordeonist Wolfgang Graff ist ebenfalls als Bassist in dem Westpf\u00e4lzischen Orchester besch\u00e4ftigt.<\/p>\n","protected":false},"excerpt":{"rendered":"<p>Das Repertoire des seit 15 Jahren bestehenden Ensembles umfasst s\u00fcdamerikanische und europ\u00e4ische Tangos, dar\u00fcber hinaus aber auch traditionelle Wiener Kaffeehausmusik und virtuose Unterhaltungsst\u00fccke sowie Schlager aus den zwanziger bis f\u00fcnfziger Jahren. Die Besetzung mit Geige, Akkordeon und Kontrabass garantiert eine authentische Kaffeehaus-Atmosph\u00e4re. Auf elektronische Verst\u00e4rkung wird konsequent verzichtet. Der Geiger Klaus Leppla ist Mitglied der [&hellip;]<\/p>\n","protected":false},"author":1,"featured_media":0,"parent":0,"menu_order":0,"comment_status":"closed","ping_status":"closed","template":"tmp-one-column.php","meta":{"footnotes":""},"_links":{"self":[{"href":"https:\/\/www.trio-tango-palatino.de\/index.php?rest_route=\/wp\/v2\/pages\/11"}],"collection":[{"href":"https:\/\/www.trio-tango-palatino.de\/index.php?rest_route=\/wp\/v2\/pages"}],"about":[{"href":"https:\/\/www.trio-tango-palatino.de\/index.php?rest_route=\/wp\/v2\/types\/page"}],"author":[{"embeddable":true,"href":"https:\/\/www.trio-tango-palatino.de\/index.php?rest_route=\/wp\/v2\/users\/1"}],"replies":[{"embeddable":true,"href":"https:\/\/www.trio-tango-palatino.de\/index.php?rest_route=%2Fwp%2Fv2%2Fcomments&post=11"}],"version-history":[{"count":2,"href":"https:\/\/www.trio-tango-palatino.de\/index.php?rest_route=\/wp\/v2\/pages\/11\/revisions"}],"predecessor-version":[{"id":26,"href":"https:\/\/www.trio-tango-palatino.de\/index.php?rest_route=\/wp\/v2\/pages\/11\/revisions\/26"}],"wp:attachment":[{"href":"https:\/\/www.trio-tango-palatino.de\/index.php?rest_route=%2Fwp%2Fv2%2Fmedia&parent=11"}],"curies":[{"name":"wp","href":"https:\/\/api.w.org\/{rel}","templated":true}]}}